(2/4). Let y be u - (-247 - -1)/3. What is the highest common factor of y and 10?
10
Let c = -973 + 1045. Calculate the highest common factor of 96 and c.
24
Suppose 486*j = 478*j + 768. Calculate the highest common factor of j and 864.
96
Let x(m) = -2*m**2 + 3*m**2 + 3*m + 2*m**2 + 2*m**2. Let y be x(-2). Suppose 3*t - 31 = y. What is the highest common factor of 120 and t?
15
Suppose 3*b - 14*j = -16*j + 88, -4*b + 2*j + 108 = 0. What is the greatest common divisor of 252 and b?
28
Let q be 2/(-5) - (34/(-10) + -2). Let h be -2 + (7 + -4 - q) - -10. What is the highest common factor of 12 and h?
6
Let g be (-4)/22 + 2160/264. What is the greatest common divisor of 304 and g?
8
Suppose -4992 - 408 = -12*l. Calculate the highest common divisor of 720 and l.
90
Suppose -t - 17 = -110. Suppose 0*k - 4*s + 236 = 4*k, 0 = -19*k - 5*s + 1163. What is the greatest common factor of k and t?
31
Suppose 54*t = 47*t + 3381. Calculate the greatest common divisor of t and 21.
21
Let r(a) = 16*a**2 + 8*a + 7. Let i be r(-1). What is the greatest common factor of i and 480?
15
Let z be 42284/36 + 56/126. What is the highest common divisor of z and 50?
25
Suppose h - 5 = 0, 2*n + 5 = 2*h - 3. Let y be -3 + 2/n + -61. Let k = 113 + y. Calculate the highest common divisor of 34 and k.
17
Let k = 1 + 1. Let l(j) = -2*j**2 + 12*j - 8. Let x be l(5). Suppose v + a = x*v - 11, 0 = -k*a + 6. What is the highest common divisor of v and 42?
14
Let r = 123 - 42. What is the greatest common divisor of 9 and r?
9
Let r be (-32)/(-20)*360/16. Calculate the greatest common factor of 45 and r.
9
Suppose 0 = -50*v + 5847 + 2253. What is the highest common factor of v and 6?
6
Let y be 57/12 - 5/(-20). Let s(u) = -y*u - 4*u + 1 + 4*u. Let b be s(-1). What is the greatest common factor of 12 and b?
6
Let h(c) = -2*c**2 + c**3 - 10 + 3359*c - 3368*c + 9*c**2. Let s be h(-6). Calculate the highest common factor of s and 10.
10
Let s(h) = -9*h - 15. Let i be s(-2). Suppose 0 = -3*v + i*r + 39, -3*v + 4*v + 4*r - 23 = 0. Calculate the greatest common factor of 15 and v.
15
Let q(f) = -7*f - 20. Let t(c) = c + 1. Let z(o) = -q(o) - 6*t(o). Let i be z(0). What is the highest common divisor of i and 2?
2
Let v(m) = 2*m**2 - m + 2. Let f be v(-4). Suppose 0*h + 570 = 6*h. Suppose 3*u - 2*u - h = 0. Calculate the greatest common factor of u and f.
19
Let p = 85 - 37. Let b = 31 - 63. Let f be b/(-10)*(28/8 + -1). What is the greatest common divisor of f and p?
8
Let f be (-4)/14 + 1524/42. Calculate the greatest common factor of f and 42.
6
Let u(p) = 2*p**2 + 4*p - 22*p**3 + 9*p**3 - 2*p. Let v be u(-2). Suppose 0*n - v = -3*n. What is the greatest common factor of n and 144?
36
Let c = 17 - 15. Let a be c - (-1 - -5) - -4. What is the highest common divisor of 2 and a?
2
Let f be (-14)/(-56) - 11960/(-32). What is the highest common factor of 17 and f?
17
Let i = -586 - -726. What is the greatest common divisor of i and 200?
20
Let a be ((6 - 11) + 4)*-6*236. What is the greatest common factor of a and 8?
8
Suppose -4*m = -3*c - 1000, 4*m + 5*c - 1032 = -0*m. Suppose -k + 66 = f + 2*f, 3*f - 5*k = 84. Calculate the highest common factor of m and f.
23
Suppose 3*z + 5*a = 24, 3*a - 18 = -2*z - a. Suppose -z*x + 24 = 3*f, -6 = -5*f - 4*x + 30. What is the highest common factor of f and 28?
4
Let u(x) = x + 12. Let y be u(0). What is the highest common factor of 44 and y?
4
Let w(d) = -d**2 - 21*d + 22. Let f be w(-21). What is the highest common factor of 55 and f?
11
Suppose -29*i = -27*i + k - 618, 0 = -5*i - 2*k + 1544. Let x(o) = -o**3 + o**2 + 4*o + 4. Let s be x(-3). Calculate the highest common divisor of s and i.
28
Let m(w) = -9 - 7 - 8 + 12*w. Let u be m(10). Calculate the highest common factor of 12 and u.
12
Let k = -39 - -32. Let c be (336/(-98))/(1/k). What is the greatest common divisor of 3 and c?
3
Let o = 500 - 312. Calculate the highest common divisor of o and 1034.
94
Let x = -18 - -27. Suppose m + 3 = x. Suppose 4*f - 14 = 5*z, 0*z = -f - 5*z + 16. What is the highest common factor of f and m?
6
Let y be 48 - (-11)/((-11)/(-4)). What is the greatest common factor of 26 and y?
26
Suppose -5*w - 5*a + 27 = -573, 0 = -4*w + 3*a + 487. Let t = -48 - -112. Suppose -t + 9 = -5*c. Calculate the greatest common factor of w and c.
11
Let x(q) = q**2 - 3*q + 12. Let t be x(9). Let f(h) = -h**2 + 25*h - 78. Let k be f(21). Calculate the highest common factor of k and t.
6
Let i(c) = c**3 + 6*c**2 + 4*c - 1. Let n be i(-5). Let w be -20*(6/(-12))/((-5)/(-2)). Calculate the greatest common factor of n and w.
4
Let s(n) = n**2 - 15*n - 244. Let u be s(27). Let m = -30 - -78. What is the greatest common factor of u and m?
16
Let u = -158 + 188. What is the highest common divisor of u and 66?
6
Let m be ((-16)/(-3) + -2)*24/20. Suppose -4*w + 2*w = 5*v - 18, -5*w - 21 = -m*v. Calculate the highest common divisor of v and 4.
4
Let y be 0 + ((-1272)/10 - (-4)/(-5)). Let h = y - -160. What is the greatest common divisor of 288 and h?
32
Let w = 236 + -220. What is the greatest common divisor of 120 and w?
8
Suppose 21 = 3*p + 4*p. Let b be (1 - p) + 2 + 3. What is the greatest common factor of b and 27?
3
Suppose -p = -5*s + 17, -10*s - 5*p = -12*s - 7. What is the greatest common divisor of s and 116?
4
Suppose -5*z + 162 = 37. Suppose 2*k + 34 = 5*v + 3, 0 = v - k - 8. What is the highest common divisor of z and v?
5
Suppose 4*s - 7 = -5*g, -2*s - 4*g = -5*s - 18. Let w be -36*s/10*(-70)/(-4). Calculate the greatest common divisor of w and 9.
9
Let v be ((-11)/2)/((-2)/20). Let h = v + -39. Let j = 8 + 0. What is the highest common factor of h and j?
8
Let x = 345 - -210. Calculate the greatest common divisor of x and 15.
15
Let g = 4 + 0. Suppose -3*o + 61 = -98. Let x be -6 + o - ((4 - 2) + 1). What is the highest common divisor of g and x?
4
Let w be (-266)/(-2) + -2 + 1. Let r be (-169)/(-7) + ((-111)/(-7) - 16). What is the greatest common divisor of w and r?
12
Let c(g) = -g + 22. Let j be c(17). Let s be 5 - (3 - j/(-5)). Let v = -22 - -30. What is the highest common factor of v and s?
1
Let f be -1*2 - 1*(-8 - 1). Suppose l - 5 = f. What is the highest common divisor of l and 36?
12
Let l be (21/(-6))/(2/(-44)). Let t = 53 - 42. What is the highest common factor of t and l?
11
Suppose -235 - 385 = -10*o. What is the highest common divisor of 217 and o?
31
Let y be (17 + 18)*102/7. Calculate the highest common factor of y and 60.
30
Let l = 119 + -49. Suppose i + o - 21 = 2*o, 4*o = -3*i + l. Calculate the highest common factor of i and 2.
2
Suppose 2*f - 147 = 5*p, -2*p - 2*f = -0*p + 56. Let n = p + 20. Let w be (-6)/n - 88/(-3). Calculate the highest common factor of w and 6.
6
Let n be 12 + -6 + 178 - (-3 - -2). Calculate the greatest common factor of n and 15.
5
Let w be (2/8)/((-9)/(-1872)*2). Calculate the highest common divisor of w and 286.
26
Suppose -6*k + 1290 = -2*k - 3*c, c = -k + 326. What is the highest common divisor of 45 and k?
9
Let o = 193 - 85. What is the highest common factor of 12 and o?
12
Suppose 28 = 2*w + 4*m - m, 5*m = -5*w + 60. Let z = -6 + w. Suppose -2*s - z*s = r - 288, 0 = -5*s + r + 360. What is the greatest common factor of 18 and s?
18
Suppose 6 = -3*b + 12. Suppose -4*w - 89 = -5*c + b*c, 159 = 5*c + 4*w. What is the highest common divisor of c and 155?
31
Let a(f) = f**2 + 2*f - 23. Let x be a(-9). Calculate the highest common divisor of 50 and x.
10
Let c be (-2)/(3/(-36)*2). Let w = -14 - -18. Suppose 0 = -4*o + 16 - w. What is the highest common divisor of o and c?
3
Let x(z) = z**2 - z - 2. Suppose -b = 1, -14 = -4*s - 2*b + 4*b. Let d be x(s). What is the greatest common divisor of d and 44?
4
Let u(m) = 10*m - 48. Let n be u(-14). Let d = -34 - n. Let i = 29 - 15. Calculate the highest common divisor of i and d.
14
Let j(h) = -2*h - 8. Let u be j(-4). Suppose 4*f + 76 = q, 2*f - 8 - 2 = u. Calculate the highest common factor of 12 and q.
12
Let y(i) = i**2 + 7*i - 327. Let k be y(-22). Suppose -4*t + 117 = -t. Calculate the greatest common divisor of k and t.
3
Suppose -667 = -92*f + 91*f. Calculate the greatest common factor of f and 69.
23
Suppose 25*n + 180 = 29*n. Calculate the highest common divisor of 135 and n.
45
